7*f**2 + f + 351. Let b(t) = 29*t**2 - 5*t - 1404. Let r(a) = 2*b(a) + 9*u(a). What is the units digit of r(0)?
1
Suppose -13*b = -10*b - 267. Let n be -5 + (-67)/(-13) - b/(-13). Suppose -n*t - 109 = -8*t. What is the hundreds digit of t?
1
Let q = 36 - 66. Let o be 2*(-1629)/q + 12/30. Let k = 149 - o. What is the units digit of k?
0
Let s be (4 - 7)/3*-3. Suppose 0 = s*d - z + 3*z - 3048, 0 = -d + z + 1016. What is the units digit of d?
6
Let u be ((-36)/15)/((-18)/60). Let c(t) = t**2 - 30*t + 9. Let b(m) = -m**2 - 1. Let k(j) = 2*b(j) - c(j). What is the units digit of k(u)?
7
Suppose -5*g - 44 = 16. What is the tens digit of ((-198)/g)/((-3)/(-66))?
6
Suppose 24 + 8 = 8*u. Let f be (20/(-6))/(7/(42/u)). Let g = f - -66. What is the tens digit of g?
6
Suppose -367 = -s - 5*a, s = -3*a - 0*a + 375. Suppose -5*w + 44 = -2*n + 6*n, 32 = 4*n + 2*w. Suppose 231 = n*u - s. What is the hundreds digit of u?
1
Let i be (1/3)/((-8)/(-432)). Suppose -16*w = -i*w + 192. Let l = w - 91. What is the units digit of l?
5
What is the thousands digit of (-466899)/(-15) + 735/525?
1
Let u be 8 + (1 - -4)*(-88)/110. What is the tens digit of u - ((-758)/(-3))/((-6)/9)?
8
Let z = -94 + 94. Let n(o) = z - o**3 - 9*o - 15 + 7*o**2 - 6 + 22*o. What is the units digit of n(7)?
0
Let j = -4645 + 28537. What is the thousands digit of j?
3
Suppose -563002 - 222780 = -33*a - 89713. What is the tens digit of a?
9
Let n(w) = 10*w**3 + 9*w**2 + 13*w - 191. What is the tens digit of n(10)?
3
Suppose -63*b + 1627 = -62*b. Let t = b + -1113. What is the units digit of t?
4
Suppose 169848 = -116*c + 172*c. What is the thousands digit of c?
3
Suppose 5*o - 2*b - 12707 = 2*o, 3*o + 5*b - 12742 = 0. What is the hundreds digit of o?
2
Let u(r) = r**2 + 17*r + 3. Let j be u(-17). Let d(c) = 61*c - 8. What is the hundreds digit of d(j)?
1
Let g be (-104856)/(-42) + 4/(-7). Suppose -5*r - 2*s - s = -g, -3*s = r - 492. What is the units digit of r?
1
Let m = 263 + -2051. Let y = 2535 + m. What is the hundreds digit of y?
7
What is the tens digit of ((90/40)/(-9))/(-1*(-1)/(-70268))?
6
Let j = -212 - -1012. Let z = -152 + j. What is the hundreds digit of z?
6
Let s(v) = -v**3 + 7*v**2 - v - 5. Let k be s(6). Let y(o) = -18*o**2 - 4*o - 2. Let q be y(-1). Let m = q + k. What is the units digit of m?
9
Let b = 5526 - -1428. What is the units digit of b?
4
Suppose 1649 = 5*o + 4*b, -201*b + 200*b = 3*o - 988. What is the hundreds digit of o?
3
Let u(k) = -1234*k + 279. What is the units digit of u(-5)?
9
Let j = 31125 - 13340. What is the units digit of j?
5
Suppose -22*n + 14*n = 1600. Let d = 33 - n. What is the tens digit of d?
3
Suppose 14*l - 378 = -0*l. Suppose 8*k - 7*k + l = 0. What is the tens digit of (k/(-9))/((6/140)/1)?
7
Let b be (336/(-16))/(-2*3/(-956)). What is the units digit of b/(-6) - (-52)/39?
9
Let g(c) = 14*c + 635. Let x be g(-45). Let n be 188 + (-3)/(-1*3). Suppose x*j = 596 + n. What is the units digit of j?
7
Let i(k) = -47 - 80 + 39 - 145*k. What is the hundreds digit of i(-4)?
4
Let f = 353 - 353. Suppose f = -0*u + 2*u - k - 230, 3*k = 4*u - 460. What is the hundreds digit of u?
1
Let h(v) = 3*v**3 + 35*v**2 - 9*v - 8. Let c(g) = -g**3 - 2. Let t(q) = 4*c(q) + h(q). What is the hundreds digit of t(34)?
8
Let w(z) = -28*z + 220. What is the hundreds digit of w(-1)?
2
Let v = 18 - 18. Let j be (0/(-1) - v)/(14/(-14)). Suppose 9*u - 1338 - 453 = j. What is the tens digit of u?
9
Let h = 180 - -3082. What is the tens digit of h?
6
Let n be -1 - (1 - 7 - (1 - 3)). What is the units digit of n + 2*(-318)/(-12)?
6
Let n = -107 - -110. Let l(b) = 11*b**3 + 3*b**2 - 10*b + 1. What is the units digit of l(n)?
5
Let o be (-2 - -2)*13/(-26). Suppose -11*j + 10*j + 5 = o. Suppose -j*p - 5*i + 740 = 0, 6*i - 3*i = -5*p + 746. What is the tens digit of p?
5
What is the tens digit of 12363/4 - 963/1284?
9
Let s = 929 + -517. Let t = 711 - s. Let n = t + -154. What is the units digit of n?
5
What is the ten thousands digit of 5 + (-266443)/(-6) - 40/(-48)?
4
Suppose -175 = s - 459. Let z = s - -4. Suppose 0 = 2*a + 2*a - z. What is the tens digit of a?
7
Let y = -5165 - -9693. What is the tens digit of y?
2
Suppose -4*q + 5 = -9*q, -227 = 4*w + 3*q. What is the units digit of (1566/(-8))/(21/w)?
2
Let h be (-6)/63*3 - (-214)/14. Suppose 7*y - 13 = h. Suppose 4*v - 38 = -3*d - 1, -4*d = y*v - 48. What is the tens digit of d?
1
What is the units digit of 1009*3/(-84)*-136 + (-1)/(-7)?
1
Let h be ((-49)/147)/(-1 + (-38)/(-36)). Let l(v) = -v**3 + 2*v**2 + v + 20. What is the units digit of l(h)?
2
Suppose -5*p = 5*l - 1845, 0 = 11*l - 16*l + 4*p + 1836. Let i = -153 + l. What is the units digit of i?
5
Let l be ((-720)/28)/(18/2709*-1). Suppose -3*p + 4*m = -2*p - 976, 4*p - l = -m. What is the hundreds digit of p?
9
Let i(o) = -o**2 + 15*o - 51. Let z be i(8). Suppose -d + 225 = y, 2*d + 3*d + 1105 = z*y. What is the hundreds digit of y?
2
Let m be (-25610)/(-105) - ((-8)/21)/4. Suppose m*n - 247*n = -1467. What is the hundreds digit of n?
4
Suppose -2*n = 4, -3*g = 3*n + 135 + 144. Let p = g - -226. What is the hundreds digit of p?
1
Let q = 261268 + -172520. What is the hundreds digit of q?
7
Suppose -1171827 - 2157433 = -201*s - 19*s. What is the ten thousands digit of s?
1
Let y be ((-16)/(-2) + -2)/((-1)/6). Let g be (-10)/60 + (-15)/y*10. Suppose g*m - 474 = 3*u - 5*u, -u = m - 234. What is the tens digit of u?
3
Suppose 90*j - 5224956 = -257*j + 71*j. What is the hundreds digit of j?
9
Let p be (-6 + 114/21)*(-14)/4. Suppose p*g - 2*h - h = 260, 2*h + 672 = 5*g. What is the tens digit of g?
3
Let t = 40 - 34. What is the units digit of 4*(3 + (5 - t))?
8
Suppose 15*b - 66*b + 172023 = 0. What is the thousands digit of b?
3
Let l(w) = 5*w + 24. Let i = -27 + 30. Let m be -3 + i + -2 - -2. What is the tens digit of l(m)?
2
Let z = 1014 - -9. Suppose z = 10*p - 1127. Let d = p + -27. What is the hundreds digit of d?
1
Let i = 146 + -130. Suppose -i*b + 22*b - 1788 = 0. What is the units digit of b?
8
Let k = 11 - 9. Let b(m) = 2*m**2 + m - 3. Let a be b(k). Suppose -3*c = -a*c + 292. What is the units digit of c?
3
Suppose 29*v - 4129484 = 45*v - 210*v. What is the hundreds digit of v?
2
Suppose -3*r - 4*q = -89369, -64403 + 4837 = -2*r - q. What is the tens digit of r?
7
Let y be (3*18)/(45/330). Suppose 2*t - 318 = -r + y, 696 = r - 4*t. What is the tens digit of r?
0
Let n(v) = -467*v + 10307. What is the thousands digit of n(-32)?
5
Let b(j) = 393*j - 399*j + 13 - 44 + 30*j**2. What is the units digit of b(6)?
3
Suppose 19385 + 180141 + 38492 = 22*j. What is the units digit of j?
9
Let c(h) = -h**3 - h**2 - 11*h + 16. Let t be c(-5). Suppose -10*r + 6091 - t = 0. What is the units digit of r?
2
Suppose 5*z - 1240 = 410. Let o = z - 182. What is the units digit of o?
8
Suppose 0 = 5*w - 25 + 10, 4*j - 4*w = -128. Suppose -160 = h - 48. Let y = j - h. What is the units digit of y?
3
What is the tens digit of (4/(1 + 1) + -7036)*(172 + -174)?
6
Let m = 1237 + -687. Suppose 180 = v - 7*o + 5*o, o + m = 3*v. What is the tens digit of v?
8
Let d(h) = 34*h**2 - 101*h + 84. What is the units digit of d(-17)?
7
Let x(u) be the third derivative of 123*u**6/40 - 2*u**5/15 + 5*u**4/24 + u**3/6 - 14*u**2 + 3*u. What is the hundreds digit of x(1)?
3
Suppose -174*f + 24 = -178*f. What is the units digit of (0 + 2)*f/((-36)/813)?
1
Let x be (-4)/26 - (-312)/(-169). Let b be (-3)/(2 - (-1)/(x/6)). Suppose -2*d + 5*f + 19 = -0*f, b*d + 5*f = 66. What is the units digit of d?
7
Let u(v) = 70*v**3 - v**2 - 4*v + 4. Suppose 0 = 11*o - 0*o - 11. What is the tens digit of u(o)?
6
Suppose 0 = 2*k - 0*k - 4. Let j be 24/(k - (-603)/(-102) - -4). Suppose 0 = -5*h + 9*h - j. What is the units digit of h?
8
Suppose 38*q - 1522 = 47270. Let d = -905 + q. What is the tens digit of d?
7
What is the units digit of (-1422)/7*(-3500)/75?
0
Let v(c) = 4*c**2 + 66*c - 1573. What is the units digit of v(43)?
1
Let q(u) = u**2 - 17*u - 105. Let b be q(22). Suppose b*g + 2*a - 1298 = -2*a, 0 = -3*g + 2*a + 792. What is the hundreds digit of g?
2
What is the hundreds digit of ((-158216)/(-10))/(10 + (-1152)/120)?
5
Let w(v) = 89*v + 20. Let c(a) = -a**2 - 6*a + 11. Let q be c(-7). What is the hundre